{"id":176,"date":"2020-11-07T22:51:26","date_gmt":"2020-11-07T21:51:26","guid":{"rendered":"http:\/\/wspomozycielka-lodz.pl\/?page_id=176"},"modified":"2020-11-07T22:51:41","modified_gmt":"2020-11-07T21:51:41","slug":"176-2","status":"publish","type":"page","link":"https:\/\/wspomozycielka-lodz.pl\/?page_id=176","title":{"rendered":"Sakramenty i sakramentalia"},"content":{"rendered":"\n<div class=\"wp-block-themeisle-blocks-advanced-columns has-1-columns has-desktop-equal-layout has-tablet-equal-layout has-mobile-equal-layout has-default-gap has-vertical-unset\" id=\"wp-block-themeisle-blocks-advanced-columns-1d68f1df\"><div class=\"wp-block-themeisle-blocks-advanced-columns-overlay\"><\/div><div class=\"innerblocks-wrap\">\n<div class=\"wp-block-themeisle-blocks-advanced-column\" id=\"wp-block-themeisle-blocks-advanced-column-bc7ba2f0\">\n<p><strong>Chrzty<\/strong><br>Udzielany jest zasadniczo w 2. i 4. niedziel\u0119 miesi\u0105ca podczas Mszy \u015bw. o godz. 11.30. Dziecko do chrztu zg\u0142aszaj\u0105 rodzice lub opiekunowie prawni z miesi\u0119cznym wyprzedzeniem. Niezb\u0119dnymi dokumentami, kt\u00f3re nale\u017cy przedstawi\u0107 w kancelarii parafialnej s\u0105: akt urodzenia dziecka, metryka \u015blubu ko\u015bcielnego rodzic\u00f3w, za\u015bwiadczenie, \u017ce rodzice chrzestni s\u0105 praktykuj\u0105cymi katolikami. Zadanie chrzestnego mo\u017ce spe\u0142nia\u0107 ten kto: uko\u0144czy\u0142 szesna\u015bcie lat, jest katolikiem, bierzmowanym i przyj\u0105\u0142 ju\u017c sakrament Naj\u015bwi\u0119tszej Eucharystii oraz prowadzi \u017cycie zgodne z wiar\u0105 i odpowiadaj\u0105ce funkcji, jak\u0105 ma pe\u0142ni\u0107; jest wolny od jakiejkolwiek kary kanonicznej, nie \u017cyje w zwi\u0105zku niesakramentalnym. Konferencja dla rodzic\u00f3w i chrzestnych odbywa si\u0119 w pi\u0105tek poprzedzaj\u0105cy niedziel\u0119 chrztu dziecka, w kancelarii, o godz. 18.45.<br><br><strong>Bierzmowanie<\/strong><br>Do bierzmowania kandydaci zapisuj\u0105 si\u0119 w parafii, w kt\u00f3rej chc\u0105 otrzyma\u0107 sakrament. Przygotowanie do sakramentu dojrza\u0142o\u015bci dokonuje si\u0119 r\u00f3wnolegle podczas nauki szkolnej oraz przygotowania liturgicznego, kt\u00f3re dokonuje si\u0119 w parafii. Spotkania liturgiczne m\u0142odzie\u017cy odbywaj\u0105 si\u0119 podczas comiesi\u0119cznych spotka\u0144 w ko\u015bciele, w dniach ustalonych przez prowadz\u0105cego. Do sakramentu przyst\u0119puje m\u0142odzie\u017c pierwszych klas szk\u00f3\u0142 ponadpodstawowych, po trzyletnim przygotowaniu. M\u0142odzie\u017c uczestniczy w liturgii, mszach \u015bw., nabo\u017ce\u0144stwach, przyst\u0119puje regularnie do spowiedzi \u015bwi\u0119tej, cz\u0119sto przyjmuje komuni\u0119 \u015bw. Przed przyst\u0105pieniem do sakramentu bierzmowania uczestniczy w czuwaniu modlitewnym przed uroczysto\u015bci\u0105 Zes\u0142ania Ducha \u015awi\u0119tego. Bierze udzia\u0142 w przygotowaniach liturgii i pr\u00f3bach ceremonii przed przyst\u0105pieniem do sakramentu bierzmowania. Termin bierzmowania ustalany jest ka\u017cdego roku z Ksi\u0119dzem Biskupem. Przygotowanie prowadzi ks. Piotr Szlufik. Bierzmowanemu podczas udzielania sakramentu towarzyszy \u015bwiadek, kt\u00f3ry przygotowuje go do przyj\u0119cia tego sakramentu, a potem pomaga w wiernym wype\u0142nianiu przyrzecze\u0144 z\u0142o\u017conych na chrzcie \u015bwi\u0119tym. Z tej racji wypada, aby t\u0119 funkcj\u0119 pe\u0142ni\u0142 kto\u015b z chrzestnych bierzmowanego.<br><br><strong>Pierwsza Komunia \u015awi\u0119ta<\/strong><br>Jest prze\u017cywana przez dzieci klas III. W przygotowaniu do tego wydarzenia sakramentalnego udzia\u0142 bior\u0105 dzieci z rodzicami. Przygotowanie do I Komunii \u015bw. odbywa si\u0119 w czwart\u0105 niedziel\u0119 miesi\u0105ca po Mszy \u015bw. o godz. 11.30. Uroczysto\u015b\u0107 I Komunii \u015bw. ma zwykle miejsce w 4. niedziel\u0119 maja. Spowied\u017a dzieci, kt\u00f3re przyst\u0105pi\u0105 do I Komunii \u015bw., jest sprawowana w sobot\u0119 poprzedzaj\u0105c\u0105 uroczysto\u015b\u0107 komunijn\u0105. Osobami odpowiedzialnymi w parafii za przygotowanie dzieci do I Komunii \u015awi\u0119tej s\u0105: ks. Piotr Szlufik i p. Iwona Pogoda-Majka.<br>W 2. niedziel\u0119 maja jest Msza \u015bw. o godz. 11.30 dla dzieci prze\u017cywaj\u0105cych rocznic\u0119 I Komunii \u015bw.<br><br><strong>Spowied\u017a \u015bwi\u0119ta<\/strong><br>Spowied\u017a jest mo\u017cliwa podczas ka\u017cdej Mszy \u015bw. w dni powszednie i w niedziel\u0119 czy \u015bwi\u0119ta. Istnieje 5 warunk\u00f3w sakramentu pokuty: rachunek sumienia, \u017cal za grzechy, mocne postanowienie poprawy, spowied\u017a szczera i zado\u015b\u0107uczynienie. Cenn\u0105 duchowo praktyka jest regularna spowied\u017a co miesi\u0105c miesi\u0119cznej, szczeg\u00f3lnie zwi\u0105zana z pierwszym pi\u0105tkiem miesi\u0105ca.<br><br><strong>Namaszczenie chorych<br><\/strong>Sakrament namaszczenia chorych udzielany jest na ka\u017cde zg\u0142oszenie w kancelarii lub wezwanie telefoniczne, po kontakcie z kap\u0142anem. Osobami, kt\u00f3re mog\u0105 przyj\u0105\u0107 ten sakrament s\u0105 wierni dotkni\u0119ci chorob\u0105, cierpieniem, oczekuj\u0105cy na operacj\u0119, znajduj\u0105cy si\u0119 w podesz\u0142ym wieku, czy w niebezpiecze\u0144stwie \u015bmierci. Regularne odwiedziny chorych praktykowane s\u0105 w pierwsze pi\u0105tki miesi\u0105ca.<br><br><strong>Ma\u0142\u017ce\u0144stwo<\/strong><br>Narzeczeni zg\u0142aszaj\u0105 si\u0119 do kancelarii parafialnej na 3 miesi\u0105ce przed \u015blubem. Miejscem zg\u0142oszenia jest parafia aktualnego zamieszkania narzeczonej lub narzeczonego. Narzeczeni przygotowuj\u0105 nast\u0119puj\u0105ce dokumenty, kt\u00f3re s\u0105 potrzebne do zawarcia sakramentu ma\u0142\u017ce\u0144stwa konkordatowego: metryk\u0119 chrztu \u015bw. (nie starsz\u0105 ni\u017c 6 miesi\u0119cy), \u015bwiadectwo uko\u0144czenia katechezy przedma\u0142\u017ce\u0144skiej, dow\u00f3d osobisty i dokumenty z USC. W nietypowych sytuacjach osoby dostarczaj\u0105 te\u017c inne dokumenty.<br>Na kurs przedma\u0142\u017ce\u0144ski zach\u0119camy do udania si\u0119 do salezja\u0144skiego duszpasterstwa akademickiego \u201eW\u0119ze\u0142\u201d przy parafii \u015bw. Teresy i \u015bw. Jana Bosko w \u0141odzi, ul. Kopci\u0144skiego 1\/3.<br><br><strong>Kap\u0142a\u0144stwo<\/strong><br>Osoby, kt\u00f3re odkrywaj\u0105 powo\u0142anie kap\u0142a\u0144skie, mog\u0105 zg\u0142osi\u0107 si\u0119 do duszpasterzy, kt\u00f3rzy pomog\u0105 w rozeznawaniu drogi kap\u0142a\u0144skiej.<\/p>\n<\/div>\n<\/div><\/div>\n\n\n\n<p><\/p>\n","protected":false},"excerpt":{"rendered":"","protected":false},"author":1,"featured_media":177,"parent":0,"menu_order":0,"comment_status":"closed","ping_status":"closed","template":"","meta":{"_mc_calendar":[],"footnotes":""},"class_list":["post-176","page","type-page","status-publish","has-post-thumbnail","hentry"],"_links":{"self":[{"href":"https:\/\/wspomozycielka-lodz.pl\/index.php?rest_route=\/wp\/v2\/pages\/176","targetHints":{"allow":["GET"]}}],"collection":[{"href":"https:\/\/wspomozycielka-lodz.pl\/index.php?rest_route=\/wp\/v2\/pages"}],"about":[{"href":"https:\/\/wspomozycielka-lodz.pl\/index.php?rest_route=\/wp\/v2\/types\/page"}],"author":[{"embeddable":true,"href":"https:\/\/wspomozycielka-lodz.pl\/index.php?rest_route=\/wp\/v2\/users\/1"}],"replies":[{"embeddable":true,"href":"https:\/\/wspomozycielka-lodz.pl\/index.php?rest_route=%2Fwp%2Fv2%2Fcomments&post=176"}],"version-history":[{"count":2,"href":"https:\/\/wspomozycielka-lodz.pl\/index.php?rest_route=\/wp\/v2\/pages\/176\/revisions"}],"predecessor-version":[{"id":179,"href":"https:\/\/wspomozycielka-lodz.pl\/index.php?rest_route=\/wp\/v2\/pages\/176\/revisions\/179"}],"wp:featuredmedia":[{"embeddable":true,"href":"https:\/\/wspomozycielka-lodz.pl\/index.php?rest_route=\/wp\/v2\/media\/177"}],"wp:attachment":[{"href":"https:\/\/wspomozycielka-lodz.pl\/index.php?rest_route=%2Fwp%2Fv2%2Fmedia&parent=176"}],"curies":[{"name":"wp","href":"https:\/\/api.w.org\/{rel}","templated":true}]}}

<div class="wp-block-themeisle-blocks-advanced-columns has-1-columns has-desktop-equal-layout has-tablet-equal-layout has-mobile-equal-layout has-default-gap has-vertical-unset" id="wp-block-themeisle-blocks-advanced-columns-1d68f1df"><div class="wp-block-themeisle-blocks-advanced-columns-overlay"></div><div class="innerblocks-wrap">
<div class="wp-block-themeisle-blocks-advanced-column" id="wp-block-themeisle-blocks-advanced-column-bc7ba2f0">
<p><strong>Chrzty</strong><br>Udzielany jest zasadniczo w 2. i 4. niedzielę miesiąca podczas Mszy św. o godz. 11.30. Dziecko do chrztu zgłaszają rodzice lub opiekunowie prawni z miesięcznym wyprzedzeniem. Niezbędnymi dokumentami, które należy przedstawić w kancelarii parafialnej są: akt urodzenia dziecka, metryka ślubu kościelnego rodziców, zaświadczenie, że rodzice chrzestni są praktykującymi katolikami. Zadanie chrzestnego może spełniać ten kto: ukończył szesnaście lat, jest katolikiem, bierzmowanym i przyjął już sakrament Najświętszej Eucharystii oraz prowadzi życie zgodne z wiarą i odpowiadające funkcji, jaką ma pełnić; jest wolny od jakiejkolwiek kary kanonicznej, nie żyje w związku niesakramentalnym. Konferencja dla rodziców i chrzestnych odbywa się w piątek poprzedzający niedzielę chrztu dziecka, w kancelarii, o godz. 18.45.<br><br><strong>Bierzmowanie</strong><br>Do bierzmowania kandydaci zapisują się w parafii, w której chcą otrzymać sakrament. Przygotowanie do sakramentu dojrzałości dokonuje się równolegle podczas nauki szkolnej oraz przygotowania liturgicznego, które dokonuje się w parafii. Spotkania liturgiczne młodzieży odbywają się podczas comiesięcznych spotkań w kościele, w dniach ustalonych przez prowadzącego. Do sakramentu przystępuje młodzież pierwszych klas szkół ponadpodstawowych, po trzyletnim przygotowaniu. Młodzież uczestniczy w liturgii, mszach św., nabożeństwach, przystępuje regularnie do spowiedzi świętej, często przyjmuje komunię św. Przed przystąpieniem do sakramentu bierzmowania uczestniczy w czuwaniu modlitewnym przed uroczystością Zesłania Ducha Świętego. Bierze udział w przygotowaniach liturgii i próbach ceremonii przed przystąpieniem do sakramentu bierzmowania. Termin bierzmowania ustalany jest każdego roku z Księdzem Biskupem. Przygotowanie prowadzi ks. Piotr Szlufik. Bierzmowanemu podczas udzielania sakramentu towarzyszy świadek, który przygotowuje go do przyjęcia tego sakramentu, a potem pomaga w wiernym wypełnianiu przyrzeczeń złożonych na chrzcie świętym. Z tej racji wypada, aby tę funkcję pełnił ktoś z chrzestnych bierzmowanego.<br><br><strong>Pierwsza Komunia Święta</strong><br>Jest przeżywana przez dzieci klas III. W przygotowaniu do tego wydarzenia sakramentalnego udział biorą dzieci z rodzicami. Przygotowanie do I Komunii św. odbywa się w czwartą niedzielę miesiąca po Mszy św. o godz. 11.30. Uroczystość I Komunii św. ma zwykle miejsce w 4. niedzielę maja. Spowiedź dzieci, które przystąpią do I Komunii św., jest sprawowana w sobotę poprzedzającą uroczystość komunijną. Osobami odpowiedzialnymi w parafii za przygotowanie dzieci do I Komunii Świętej są: ks. Piotr Szlufik i p. Iwona Pogoda-Majka.<br>W 2. niedzielę maja jest Msza św. o godz. 11.30 dla dzieci przeżywających rocznicę I Komunii św.<br><br><strong>Spowiedź święta</strong><br>Spowiedź jest możliwa podczas każdej Mszy św. w dni powszednie i w niedzielę czy święta. Istnieje 5 warunków sakramentu pokuty: rachunek sumienia, żal za grzechy, mocne postanowienie poprawy, spowiedź szczera i zadośćuczynienie. Cenną duchowo praktyka jest regularna spowiedź co miesiąc miesięcznej, szczególnie związana z pierwszym piątkiem miesiąca.<br><br><strong>Namaszczenie chorych<br></strong>Sakrament namaszczenia chorych udzielany jest na każde zgłoszenie w kancelarii lub wezwanie telefoniczne, po kontakcie z kapłanem. Osobami, które mogą przyjąć ten sakrament są wierni dotknięci chorobą, cierpieniem, oczekujący na operację, znajdujący się w podeszłym wieku, czy w niebezpieczeństwie śmierci. Regularne odwiedziny chorych praktykowane są w pierwsze piątki miesiąca.<br><br><strong>Małżeństwo</strong><br>Narzeczeni zgłaszają się do kancelarii parafialnej na 3 miesiące przed ślubem. Miejscem zgłoszenia jest parafia aktualnego zamieszkania narzeczonej lub narzeczonego. Narzeczeni przygotowują następujące dokumenty, które są potrzebne do zawarcia sakramentu małżeństwa konkordatowego: metrykę chrztu św. (nie starszą niż 6 miesięcy), świadectwo ukończenia katechezy przedmałżeńskiej, dowód osobisty i dokumenty z USC. W nietypowych sytuacjach osoby dostarczają też inne dokumenty.<br>Na kurs przedmałżeński zachęcamy do udania się do salezjańskiego duszpasterstwa akademickiego „Węzeł” przy parafii św. Teresy i św. Jana Bosko w Łodzi, ul. Kopcińskiego 1/3.<br><br><strong>Kapłaństwo</strong><br>Osoby, które odkrywają powołanie kapłańskie, mogą zgłosić się do duszpasterzy, którzy pomogą w rozeznawaniu drogi kapłańskiej.</p>
</div>
</div></div>



<p></p>
