{"id":172,"date":"2020-11-07T22:49:18","date_gmt":"2020-11-07T21:49:18","guid":{"rendered":"http:\/\/wspomozycielka-lodz.pl\/?page_id=172"},"modified":"2023-10-18T09:44:56","modified_gmt":"2023-10-18T07:44:56","slug":"msze-sw-i-nabozenstwa","status":"publish","type":"page","link":"https:\/\/wspomozycielka-lodz.pl\/?page_id=172","title":{"rendered":"Msze \u015aw. i nabo\u017ce\u0144stwa"},"content":{"rendered":"\n<div class=\"wp-block-themeisle-blocks-advanced-columns has-1-columns has-desktop-equal-layout has-tablet-equal-layout has-mobile-equal-layout has-default-gap has-vertical-unset\" id=\"wp-block-themeisle-blocks-advanced-columns-00a6414a\"><div class=\"wp-block-themeisle-blocks-advanced-columns-overlay\"><\/div><div class=\"innerblocks-wrap\">\n<div class=\"wp-block-themeisle-blocks-advanced-column\" id=\"wp-block-themeisle-blocks-advanced-column-218dba20\">\n<p><strong>Msze \u015awi\u0119te:<\/strong> Poniedzia\u0142ek &#8211; sobota: 07.30, 18.00; <br>niedziele i \u015bwi\u0119ta nakazane: 08.30, 10.00, 11.30 (dla rodzin), 18.00<br><br><strong>Nowenny jednoroczne:<\/strong><br>10-18 marca &#8211; ku czci \u015bw. J\u00f3zefa<br>od 22 do 30 stycznia &#8211; ku czci \u015bw. Jana Bosko<br>od 15 do 23 maja \u2013 ku czci Matki Bo\u017cej Wspomo\u017cenia Wiernych<br>przed uroczysto\u015bci\u0105 Zes\u0142ania Ducha \u015aw.<\/p>\n\n\n\n<p>od 29 listopada do 7 grudnia &#8211; do Niepokalanego Pocz\u0119cia NMP<br>od 16 do 24 grudnia &#8211; do Bo\u017cego Narodzenia<\/p>\n\n\n\n<p><br><strong>Nowenny miesi\u0119czne:<\/strong><br>od 15 do 23 &#8211; ka\u017cdego m-ca ku czci Matki Bo\u017cej Wspomo\u017cenia Wiernych<br><br><strong>Nabo\u017ce\u0144stwa niedzielne<\/strong><br>w sobot\u0119 i niedziel\u0119 o godz. 8.00 \u2013 Godzinki ku czci NMP<br>w 1. niedziel\u0119 m-ca adoracja po Mszy \u015bw. o godz. 11.30<br>Gorzkie \u017bale w Wielkim Po\u015bcie \u2013 godz. 17.15<br><br><strong>Nabo\u017ce\u0144stwa comiesi\u0119czne i okresowe:<\/strong><\/p>\n\n\n\n<ul class=\"wp-block-list\">\n<li>24. ka\u017cdego miesi\u0105ca ho\u0142d ku czci Wspomo\u017cycielki Wiernych o godz. 17.00<\/li>\n\n\n\n<li>w czwartki po Mszy \u015bw. wieczornej \u2013 adoracja Naj\u015bwi\u0119tszego Sakramentu do godz. 19.30<\/li>\n\n\n\n<li>w 1. pi\u0105tek miesi\u0105ca od godz. 15.00 Godzina Mi\u0142osierdzia i adoracja eucharystyczna<\/li>\n\n\n\n<li>w 1. sobot\u0119 miesi\u0105ca po Mszy \u015bw. porannej nabo\u017ce\u0144stwo maryjne &#8211; 1 cz\u0119\u015b\u0107 r\u00f3\u017ca\u0144ca, a o godz. 19.00 &#8211; kolejne 3 cz\u0119\u015bci r\u00f3\u017ca\u0144ca<\/li>\n\n\n\n<li>w pa\u017adzierniku nabo\u017ce\u0144stwo r\u00f3\u017ca\u0144cowe<\/li>\n\n\n\n<li>w listopadzie modlitwa za zmar\u0142ych polecanych w wypominkach<\/li>\n\n\n\n<li>w okresie Adwentu \u2013 Roraty codziennie o godz. 7.30, a dla dzieci i m\u0142odzie\u017cy w poniedzia\u0142ki o godz. 6.30<\/li>\n\n\n\n<li>w okresie Wielkiego Postu \u2013 Droga Krzy\u017cowa w pi\u0105tki dla dzieci o godz. 16.30, dla doros\u0142ych o godz. 17.15 i dla m\u0142odzie\u017cy o godz. 19.30<\/li>\n\n\n\n<li>w maju litania loreta\u0144ska do NMP<\/li>\n\n\n\n<li>w litania do Naj\u015bwi\u0119tszego Serca Pana Jezusa<\/li>\n<\/ul>\n<\/div>\n<\/div><\/div>\n","protected":false},"excerpt":{"rendered":"","protected":false},"author":1,"featured_media":173,"parent":0,"menu_order":0,"comment_status":"closed","ping_status":"closed","template":"","meta":{"_mc_calendar":[],"footnotes":""},"class_list":["post-172","page","type-page","status-publish","has-post-thumbnail","hentry"],"_links":{"self":[{"href":"https:\/\/wspomozycielka-lodz.pl\/index.php?rest_route=\/wp\/v2\/pages\/172","targetHints":{"allow":["GET"]}}],"collection":[{"href":"https:\/\/wspomozycielka-lodz.pl\/index.php?rest_route=\/wp\/v2\/pages"}],"about":[{"href":"https:\/\/wspomozycielka-lodz.pl\/index.php?rest_route=\/wp\/v2\/types\/page"}],"author":[{"embeddable":true,"href":"https:\/\/wspomozycielka-lodz.pl\/index.php?rest_route=\/wp\/v2\/users\/1"}],"replies":[{"embeddable":true,"href":"https:\/\/wspomozycielka-lodz.pl\/index.php?rest_route=%2Fwp%2Fv2%2Fcomments&post=172"}],"version-history":[{"count":3,"href":"https:\/\/wspomozycielka-lodz.pl\/index.php?rest_route=\/wp\/v2\/pages\/172\/revisions"}],"predecessor-version":[{"id":796,"href":"https:\/\/wspomozycielka-lodz.pl\/index.php?rest_route=\/wp\/v2\/pages\/172\/revisions\/796"}],"wp:featuredmedia":[{"embeddable":true,"href":"https:\/\/wspomozycielka-lodz.pl\/index.php?rest_route=\/wp\/v2\/media\/173"}],"wp:attachment":[{"href":"https:\/\/wspomozycielka-lodz.pl\/index.php?rest_route=%2Fwp%2Fv2%2Fmedia&parent=172"}],"curies":[{"name":"wp","href":"https:\/\/api.w.org\/{rel}","templated":true}]}}

Msze Św. i nabożeństwa

<div class="wp-block-themeisle-blocks-advanced-columns has-1-columns has-desktop-equal-layout has-tablet-equal-layout has-mobile-equal-layout has-default-gap has-vertical-unset" id="wp-block-themeisle-blocks-advanced-columns-00a6414a"><div class="wp-block-themeisle-blocks-advanced-columns-overlay"></div><div class="innerblocks-wrap">
<div class="wp-block-themeisle-blocks-advanced-column" id="wp-block-themeisle-blocks-advanced-column-218dba20">
<p><strong>Msze Święte:</strong> Poniedziałek &#8211; sobota: 07.30, 18.00; <br>niedziele i święta nakazane: 08.30, 10.00, 11.30 (dla rodzin), 18.00<br><br><strong>Nowenny jednoroczne:</strong><br>10-18 marca &#8211; ku czci św. Józefa<br>od 22 do 30 stycznia &#8211; ku czci św. Jana Bosko<br>od 15 do 23 maja – ku czci Matki Bożej Wspomożenia Wiernych<br>przed uroczystością Zesłania Ducha Św.</p>



<p>od 29 listopada do 7 grudnia &#8211; do Niepokalanego Poczęcia NMP<br>od 16 do 24 grudnia &#8211; do Bożego Narodzenia</p>



<p><br><strong>Nowenny miesięczne:</strong><br>od 15 do 23 &#8211; każdego m-ca ku czci Matki Bożej Wspomożenia Wiernych<br><br><strong>Nabożeństwa niedzielne</strong><br>w sobotę i niedzielę o godz. 8.00 – Godzinki ku czci NMP<br>w 1. niedzielę m-ca adoracja po Mszy św. o godz. 11.30<br>Gorzkie Żale w Wielkim Poście – godz. 17.15<br><br><strong>Nabożeństwa comiesięczne i okresowe:</strong></p>



<ul class="wp-block-list">
<li>24. każdego miesiąca hołd ku czci Wspomożycielki Wiernych o godz. 17.00</li>



<li>w czwartki po Mszy św. wieczornej – adoracja Najświętszego Sakramentu do godz. 19.30</li>



<li>w 1. piątek miesiąca od godz. 15.00 Godzina Miłosierdzia i adoracja eucharystyczna</li>



<li>w 1. sobotę miesiąca po Mszy św. porannej nabożeństwo maryjne &#8211; 1 część różańca, a o godz. 19.00 &#8211; kolejne 3 części różańca</li>



<li>w październiku nabożeństwo różańcowe</li>



<li>w listopadzie modlitwa za zmarłych polecanych w wypominkach</li>



<li>w okresie Adwentu – Roraty codziennie o godz. 7.30, a dla dzieci i młodzieży w poniedziałki o godz. 6.30</li>



<li>w okresie Wielkiego Postu – Droga Krzyżowa w piątki dla dzieci o godz. 16.30, dla dorosłych o godz. 17.15 i dla młodzieży o godz. 19.30</li>



<li>w maju litania loretańska do NMP</li>



<li>w litania do Najświętszego Serca Pana Jezusa</li>
</ul>
</div>
</div></div>
