{"id":152,"date":"2020-11-07T22:36:12","date_gmt":"2020-11-07T21:36:12","guid":{"rendered":"http:\/\/wspomozycielka-lodz.pl\/?page_id=152"},"modified":"2020-11-07T22:36:13","modified_gmt":"2020-11-07T21:36:13","slug":"dane-statystyczne","status":"publish","type":"page","link":"https:\/\/wspomozycielka-lodz.pl\/?page_id=152","title":{"rendered":"Dane statystyczne"},"content":{"rendered":"\n<div class=\"wp-block-themeisle-blocks-advanced-columns has-1-columns has-desktop-equal-layout has-tablet-equal-layout has-mobile-equal-layout has-default-gap has-vertical-unset\" id=\"wp-block-themeisle-blocks-advanced-columns-21b882b7\"><div class=\"wp-block-themeisle-blocks-advanced-columns-overlay\"><\/div><div class=\"innerblocks-wrap\">\n<div class=\"wp-block-themeisle-blocks-advanced-column\" id=\"wp-block-themeisle-blocks-advanced-column-12a5b209\">\n<p>Liczba mieszka\u0144c\u00f3w na terenie parafii: ok. 6000<\/p>\n\n\n\n<p>Ulice nale\u017c\u0105ce do Parafii:<br>Dowborczyk\u00f3w \u2013 nr 2\u201336, Fabryczna \u2013 2\u201312 i 3\u201321, Kili\u0144skiego \u2013 136\u2013180, Miedziana \u2013 4\u201310, Nawrot \u2013 54\u201382 i 55\u201381, Pi\u0142sudskiego \u2013 39\u201355, Targowa \u2013 2\u201344 i 9\u201381, Tuwima \u2013 31\u201367 i 68\u201386, Tylna, Wodna \u2013 10\u201342 i 15\u201347, Wysoka \u2013 31\u201355 i 38\u201346, Z\u0142ota \u2013 2\u201312 i 3\u20139, pl. Zwyci\u0119stwa \u2013 8\u201314 i 9\u201313<\/p>\n\n\n\n<p>Kaplice: domu zakonnego przy ul. Wodnej 36<\/p>\n\n\n\n<p>Ksi\u0119gi parafialne:<br>chrzt\u00f3w (1968\u2013)<br>bierzmowanych (1992-)<br>I Komunii \u015bw. (1968-)<br>ma\u0142\u017ce\u0144stw (1968\u2013)<br>pogrzeb\u00f3w (1968\u2013)<\/p>\n\n\n\n<p>Proboszczowie:<br>(1) ks. Edmund Zamiata\u0142a 24.05-9.06.1978<br>(2) ks. Apoloniusz Doma\u0144ski 1978\u20131980<br>(3) ks. Ludwik Kali\u0144ski 1980\u20131985<br>(4) ks. Ireneusz Chmielewski 1986\u20131987<br>(5) ks. J\u00f3zef Pietrusik 1987\u20131996<br>(6) ks. Walerian \u015awi\u0119cicki 1996\u20131999<br>(7) ks. Stanis\u0142aw Orpik 1999\u20132002<br>(8) ks. Krzysztof Lis 2002\u20132008<br>(9) ks. Waldemar Trendziuk 2008-2014<br>(10) ks. Tadeusz Niew\u0119g\u0142owski 2014-2020<br>(11) ks. Przemys\u0142aw Solarski 2020-<\/p>\n<\/div>\n<\/div><\/div>\n","protected":false},"excerpt":{"rendered":"","protected":false},"author":1,"featured_media":153,"parent":0,"menu_order":0,"comment_status":"closed","ping_status":"closed","template":"","meta":{"_mc_calendar":[],"footnotes":""},"class_list":["post-152","page","type-page","status-publish","has-post-thumbnail","hentry"],"_links":{"self":[{"href":"https:\/\/wspomozycielka-lodz.pl\/index.php?rest_route=\/wp\/v2\/pages\/152","targetHints":{"allow":["GET"]}}],"collection":[{"href":"https:\/\/wspomozycielka-lodz.pl\/index.php?rest_route=\/wp\/v2\/pages"}],"about":[{"href":"https:\/\/wspomozycielka-lodz.pl\/index.php?rest_route=\/wp\/v2\/types\/page"}],"author":[{"embeddable":true,"href":"https:\/\/wspomozycielka-lodz.pl\/index.php?rest_route=\/wp\/v2\/users\/1"}],"replies":[{"embeddable":true,"href":"https:\/\/wspomozycielka-lodz.pl\/index.php?rest_route=%2Fwp%2Fv2%2Fcomments&post=152"}],"version-history":[{"count":1,"href":"https:\/\/wspomozycielka-lodz.pl\/index.php?rest_route=\/wp\/v2\/pages\/152\/revisions"}],"predecessor-version":[{"id":154,"href":"https:\/\/wspomozycielka-lodz.pl\/index.php?rest_route=\/wp\/v2\/pages\/152\/revisions\/154"}],"wp:featuredmedia":[{"embeddable":true,"href":"https:\/\/wspomozycielka-lodz.pl\/index.php?rest_route=\/wp\/v2\/media\/153"}],"wp:attachment":[{"href":"https:\/\/wspomozycielka-lodz.pl\/index.php?rest_route=%2Fwp%2Fv2%2Fmedia&parent=152"}],"curies":[{"name":"wp","href":"https:\/\/api.w.org\/{rel}","templated":true}]}}

<div class="wp-block-themeisle-blocks-advanced-columns has-1-columns has-desktop-equal-layout has-tablet-equal-layout has-mobile-equal-layout has-default-gap has-vertical-unset" id="wp-block-themeisle-blocks-advanced-columns-21b882b7"><div class="wp-block-themeisle-blocks-advanced-columns-overlay"></div><div class="innerblocks-wrap">
<div class="wp-block-themeisle-blocks-advanced-column" id="wp-block-themeisle-blocks-advanced-column-12a5b209">
<p>Liczba mieszkańców na terenie parafii: ok. 6000</p>



<p>Ulice należące do Parafii:<br>Dowborczyków – nr 2–36, Fabryczna – 2–12 i 3–21, Kilińskiego – 136–180, Miedziana – 4–10, Nawrot – 54–82 i 55–81, Piłsudskiego – 39–55, Targowa – 2–44 i 9–81, Tuwima – 31–67 i 68–86, Tylna, Wodna – 10–42 i 15–47, Wysoka – 31–55 i 38–46, Złota – 2–12 i 3–9, pl. Zwycięstwa – 8–14 i 9–13</p>



<p>Kaplice: domu zakonnego przy ul. Wodnej 36</p>



<p>Księgi parafialne:<br>chrztów (1968–)<br>bierzmowanych (1992-)<br>I Komunii św. (1968-)<br>małżeństw (1968–)<br>pogrzebów (1968–)</p>



<p>Proboszczowie:<br>(1) ks. Edmund Zamiatała 24.05-9.06.1978<br>(2) ks. Apoloniusz Domański 1978–1980<br>(3) ks. Ludwik Kaliński 1980–1985<br>(4) ks. Ireneusz Chmielewski 1986–1987<br>(5) ks. Józef Pietrusik 1987–1996<br>(6) ks. Walerian Święcicki 1996–1999<br>(7) ks. Stanisław Orpik 1999–2002<br>(8) ks. Krzysztof Lis 2002–2008<br>(9) ks. Waldemar Trendziuk 2008-2014<br>(10) ks. Tadeusz Niewęgłowski 2014-2020<br>(11) ks. Przemysław Solarski 2020-</p>
</div>
</div></div>
