{"id":123,"date":"2020-11-01T19:10:18","date_gmt":"2020-11-01T18:10:18","guid":{"rendered":"http:\/\/wspomozycielka-lodz.pl\/?page_id=123"},"modified":"2020-11-01T19:34:41","modified_gmt":"2020-11-01T18:34:41","slug":"sw-jan-bosko","status":"publish","type":"page","link":"https:\/\/wspomozycielka-lodz.pl\/?page_id=123","title":{"rendered":""},"content":{"rendered":"\n<div class=\"wp-block-themeisle-blocks-advanced-columns has-1-columns has-desktop-equal-layout has-tablet-equal-layout has-mobile-equal-layout has-default-gap has-vertical-unset\" id=\"wp-block-themeisle-blocks-advanced-columns-a10e52e5\"><div class=\"wp-block-themeisle-blocks-advanced-columns-overlay\"><\/div><div class=\"innerblocks-wrap\">\n<div class=\"wp-block-themeisle-blocks-advanced-column\" id=\"wp-block-themeisle-blocks-advanced-column-bb33f0a2\">\n<p>Jan Bosko urodzi\u0142 si\u0119 16 sierpnia 1815 r. w Becchi ko\u0142o Turynu. By\u0142 synem piemonckich wie\u015bniak\u00f3w. Gdy mia\u0142 2 lata, zmar\u0142 jego ojciec. Jego matka musia\u0142a zaj\u0105\u0107 si\u0119 utrzymaniem trzech syn\u00f3w. M\u0142ode lata sp\u0119dzi\u0142 w ub\u00f3stwie. Wcze\u015bnie musia\u0142 podj\u0105\u0107 prac\u0119 zarobkow\u0105. Kiedy mia\u0142 9 lat, B\u00f3g w tajemniczym widzeniu sennym objawi\u0142 mu jego przysz\u0142\u0105 misj\u0119.<br>Po uko\u0144czeniu szk\u00f3\u0142 \u015brednich zosta\u0142 przyj\u0119ty do wy\u017cszego seminarium duchownego w Turynie. Tutaj pod kierunkiem \u015bw. J\u00f3zefa Cafasso, wyk\u0142adowcy i spowiednika, czyni\u0142 znaczne post\u0119py. 5 czerwca 1841 roku otrzyma\u0142 \u015bwi\u0119cenia kap\u0142a\u0144skie. Za porad\u0105 ks. Cafasso wst\u0105pi\u0142 do Konwiktu Ko\u015bcielnego dla pog\u0142\u0119bienia swojej wiedzy religijnej i \u017cycia wewn\u0119trznego.<br>8 grudnia 1841 roku napotka\u0142 przypadkowo 15-letniego m\u0142odzie\u0144ca-sierot\u0119. Od tego dnia zacz\u0105\u0142 gromadzi\u0107 samotn\u0105 m\u0142odzie\u017c, uczy\u0107 j\u0105 prawd wiary, szuka\u0107 dla niej pracy u uczciwych ludzi. W niedziel\u0119 za\u015b dawa\u0142 okazj\u0119 do wys\u0142uchania Mszy \u015bwi\u0119tej i do przyjmowania sakrament\u00f3w \u015bwi\u0119tych, a p\u00f3\u017aniej zajmowa\u0142 m\u0142odzie\u017c rozrywk\u0105. Poniewa\u017c wielu z nich by\u0142o bezdomnych, stara\u0142 si\u0119 dla nich o dach nad g\u0142ow\u0105Ten aposto\u0142 m\u0142odzie\u017cy uwa\u017cany jest za jednego z najwi\u0119kszych pedagog\u00f3w w dziejach Ko\u015bcio\u0142a. Zdawa\u0142 sobie wszak\u017ce spraw\u0119, \u017ce sam jeden tak wielkiemu dzie\u0142u nie podo\u0142a. Aby zapewni\u0107 sta\u0142\u0105 piecz\u0119 nad m\u0142odzie\u017c\u0105, za\u0142o\u017cy\u0142 dwie rodziny zakonne: Pobo\u017cne Towarzystwo \u015bw. Franciszka Salezego dla m\u0142odzie\u017cy m\u0119skiej &#8211; salezjan\u00f3w (1859) oraz zgromadzenie C\u00f3rek Maryi Wspomo\u017cycielki dla dziewcz\u0105t (1872). B\u0119d\u0105c tak aktywnym, Jan potrafi\u0142 odnajdywa\u0107 czas na modlitw\u0119 i g\u0142\u0119bokie \u017cycie wewn\u0119trzne.<br>Rozwin\u0105\u0142 szeroko dzia\u0142alno\u015b\u0107 misyjn\u0105, posy\u0142aj\u0105c najlepszych swoich syn\u00f3w duchowych i c\u00f3rki do Ameryki Po\u0142udniowej. W dziedzinie wychowania chrze\u015bcija\u0144skiego \u015bw. Jan Bosko zostawi\u0142 po sobie styl nazwany \u201esystemem prewencyjnym\u201d (uprzedzaj\u0105cym). Ta metoda wychowawcza nie jest oparta na stosowaniu przymusu, lecz odwo\u0142uje si\u0119 do potencja\u0142u dobra i rozumu, jakie wychowanek nosi w swoim wn\u0119trzu. Wychowawca, w pe\u0142ni szanuj\u0105c woln\u0105 wol\u0119 m\u0142odego cz\u0142owieka, staje si\u0119 mu bliski i towarzyszy mu na drodze autentycznego wzrastania. System zapobiegawczy polega na uprzedzaniu czyn\u00f3w podopiecznego tak, aby nie doprowadzi\u0107 do zrobienia przez niego czego\u015b niew\u0142a\u015bciwego.<br>Ca\u0142y wolny czas Jan po\u015bwi\u0119ca\u0142 na pisanie i propagowanie dobrej prasy i ksi\u0105\u017cek. Pocz\u0105tkowo wydawa\u0142 je w drukarniach tury\u0144skich. Od roku 1861 posiada\u0142 ju\u017c w\u0142asn\u0105 drukarni\u0119. Rozpocz\u0105\u0142 od wydawania \u017cywot\u00f3w \u015bwi\u0105tobliwych m\u0142odzie\u0144c\u00f3w, by swoim ch\u0142opcom da\u0107 konkretne \u017cywe przyk\u0142ady i wzory do na\u015bladowania. Od roku 1877 dla wszystkich przyjaci\u00f3\u0142 swoich dzie\u0142 zacz\u0105\u0142 wydawa\u0107 jako miesi\u0119cznik, do dzi\u015b istniej\u0105cy, Biuletyn Salezja\u0144ski. Ponadto pozostawi\u0142 po sobie olbrzymi\u0105 korespondencj\u0119.<br>Ksi\u0105dz Bosko zmar\u0142 31 stycznia 1888 r. Pius XI beatyfikowa\u0142 go 2 czerwca 1929 r., a kanonizowa\u0142 1 kwietnia 1934 r., w Wielkanoc. Jest patronem m\u0142odzie\u017cy, m\u0142odych robotnik\u00f3w i rzemie\u015blnik\u00f3w. <br><br>\u017ar\u00f3d\u0142o: www.brewiarz.pl<\/p>\n<\/div>\n<\/div><\/div>\n\n\n\n<p><\/p>\n","protected":false},"excerpt":{"rendered":"","protected":false},"author":1,"featured_media":135,"parent":0,"menu_order":0,"comment_status":"closed","ping_status":"closed","template":"","meta":{"_mc_calendar":[],"footnotes":""},"class_list":["post-123","page","type-page","status-publish","has-post-thumbnail","hentry"],"_links":{"self":[{"href":"https:\/\/wspomozycielka-lodz.pl\/index.php?rest_route=\/wp\/v2\/pages\/123","targetHints":{"allow":["GET"]}}],"collection":[{"href":"https:\/\/wspomozycielka-lodz.pl\/index.php?rest_route=\/wp\/v2\/pages"}],"about":[{"href":"https:\/\/wspomozycielka-lodz.pl\/index.php?rest_route=\/wp\/v2\/types\/page"}],"author":[{"embeddable":true,"href":"https:\/\/wspomozycielka-lodz.pl\/index.php?rest_route=\/wp\/v2\/users\/1"}],"replies":[{"embeddable":true,"href":"https:\/\/wspomozycielka-lodz.pl\/index.php?rest_route=%2Fwp%2Fv2%2Fcomments&post=123"}],"version-history":[{"count":4,"href":"https:\/\/wspomozycielka-lodz.pl\/index.php?rest_route=\/wp\/v2\/pages\/123\/revisions"}],"predecessor-version":[{"id":146,"href":"https:\/\/wspomozycielka-lodz.pl\/index.php?rest_route=\/wp\/v2\/pages\/123\/revisions\/146"}],"wp:featuredmedia":[{"embeddable":true,"href":"https:\/\/wspomozycielka-lodz.pl\/index.php?rest_route=\/wp\/v2\/media\/135"}],"wp:attachment":[{"href":"https:\/\/wspomozycielka-lodz.pl\/index.php?rest_route=%2Fwp%2Fv2%2Fmedia&parent=123"}],"curies":[{"name":"wp","href":"https:\/\/api.w.org\/{rel}","templated":true}]}}

<div class="wp-block-themeisle-blocks-advanced-columns has-1-columns has-desktop-equal-layout has-tablet-equal-layout has-mobile-equal-layout has-default-gap has-vertical-unset" id="wp-block-themeisle-blocks-advanced-columns-a10e52e5"><div class="wp-block-themeisle-blocks-advanced-columns-overlay"></div><div class="innerblocks-wrap">
<div class="wp-block-themeisle-blocks-advanced-column" id="wp-block-themeisle-blocks-advanced-column-bb33f0a2">
<p>Jan Bosko urodził się 16 sierpnia 1815 r. w Becchi koło Turynu. Był synem piemonckich wieśniaków. Gdy miał 2 lata, zmarł jego ojciec. Jego matka musiała zająć się utrzymaniem trzech synów. Młode lata spędził w ubóstwie. Wcześnie musiał podjąć pracę zarobkową. Kiedy miał 9 lat, Bóg w tajemniczym widzeniu sennym objawił mu jego przyszłą misję.<br>Po ukończeniu szkół średnich został przyjęty do wyższego seminarium duchownego w Turynie. Tutaj pod kierunkiem św. Józefa Cafasso, wykładowcy i spowiednika, czynił znaczne postępy. 5 czerwca 1841 roku otrzymał święcenia kapłańskie. Za poradą ks. Cafasso wstąpił do Konwiktu Kościelnego dla pogłębienia swojej wiedzy religijnej i życia wewnętrznego.<br>8 grudnia 1841 roku napotkał przypadkowo 15-letniego młodzieńca-sierotę. Od tego dnia zaczął gromadzić samotną młodzież, uczyć ją prawd wiary, szukać dla niej pracy u uczciwych ludzi. W niedzielę zaś dawał okazję do wysłuchania Mszy świętej i do przyjmowania sakramentów świętych, a później zajmował młodzież rozrywką. Ponieważ wielu z nich było bezdomnych, starał się dla nich o dach nad głowąTen apostoł młodzieży uważany jest za jednego z największych pedagogów w dziejach Kościoła. Zdawał sobie wszakże sprawę, że sam jeden tak wielkiemu dziełu nie podoła. Aby zapewnić stałą pieczę nad młodzieżą, założył dwie rodziny zakonne: Pobożne Towarzystwo św. Franciszka Salezego dla młodzieży męskiej &#8211; salezjanów (1859) oraz zgromadzenie Córek Maryi Wspomożycielki dla dziewcząt (1872). Będąc tak aktywnym, Jan potrafił odnajdywać czas na modlitwę i głębokie życie wewnętrzne.<br>Rozwinął szeroko działalność misyjną, posyłając najlepszych swoich synów duchowych i córki do Ameryki Południowej. W dziedzinie wychowania chrześcijańskiego św. Jan Bosko zostawił po sobie styl nazwany „systemem prewencyjnym” (uprzedzającym). Ta metoda wychowawcza nie jest oparta na stosowaniu przymusu, lecz odwołuje się do potencjału dobra i rozumu, jakie wychowanek nosi w swoim wnętrzu. Wychowawca, w pełni szanując wolną wolę młodego człowieka, staje się mu bliski i towarzyszy mu na drodze autentycznego wzrastania. System zapobiegawczy polega na uprzedzaniu czynów podopiecznego tak, aby nie doprowadzić do zrobienia przez niego czegoś niewłaściwego.<br>Cały wolny czas Jan poświęcał na pisanie i propagowanie dobrej prasy i książek. Początkowo wydawał je w drukarniach turyńskich. Od roku 1861 posiadał już własną drukarnię. Rozpoczął od wydawania żywotów świątobliwych młodzieńców, by swoim chłopcom dać konkretne żywe przykłady i wzory do naśladowania. Od roku 1877 dla wszystkich przyjaciół swoich dzieł zaczął wydawać jako miesięcznik, do dziś istniejący, Biuletyn Salezjański. Ponadto pozostawił po sobie olbrzymią korespondencję.<br>Ksiądz Bosko zmarł 31 stycznia 1888 r. Pius XI beatyfikował go 2 czerwca 1929 r., a kanonizował 1 kwietnia 1934 r., w Wielkanoc. Jest patronem młodzieży, młodych robotników i rzemieślników. <br><br>źródło: www.brewiarz.pl</p>
</div>
</div></div>



<p></p>
